{"id":134,"date":"2024-03-06T20:30:07","date_gmt":"2024-03-06T20:30:07","guid":{"rendered":"https:\/\/rappi-cranio.ch\/?page_id=134"},"modified":"2024-11-25T21:03:12","modified_gmt":"2024-11-25T21:03:12","slug":"was-ist-craniosacral-therapie","status":"publish","type":"page","link":"https:\/\/rappi-cranio.ch\/?page_id=134","title":{"rendered":"Was ist Craniosacral Therapie?"},"content":{"rendered":"\n<p>Die Craniosacraltherapie hat ihre Wurzeln in der Osteopathie und wurde von Dr. William Sutherland, dem Begr\u00fcnder der cranialen Osteopathie, Anfang des 20. Jahrhunderts entwickelt. Er identifizierte feine rhythmische Bewegungen, die vom Sch\u00e4del (Cranium) bis zum Kreuzbein (Sacrum) sp\u00fcrbar sind und sich auf den gesamten K\u00f6rper ausbreiten. Diese rhythmischen Bewegungen, die er als &#8220;Lebensatem&#8221; bezeichnete, spielen eine entscheidende Rolle im Wohlbefinden des Menschen. Sutherland beobachtete, dass St\u00f6rungen oder Unterbrechungen dieser Bewegungen im Kopfbereich zu Beschwerden wie Kopfschmerzen, Nackenschmerzen und Konzentrationsst\u00f6rungen f\u00fchren k\u00f6nnen.<\/p>\n\n\n\n<p>Die Craniosacraltherapie ist eine ganzheitliche Behandlungsmethode, die K\u00f6rper, Geist und Seele des Menschen anspricht. Neben der Atembewegung und der Blutzirkulation gibt es im K\u00f6rper weitere Rhythmen, darunter den craniosacralen Rhythmus. Dieser Rhythmus, der seinen Ursprung im Cranium hat und \u00fcber das Sacrum auf den gesamten K\u00f6rper \u00fcbertragen wird, spielt eine wesentliche Rolle f\u00fcr das Wohlbefinden und die Gesundheit.<\/p>\n\n\n\n<p>Ein ausgewogener craniosacraler Rhythmus ist entscheidend f\u00fcr die Entfaltung des Potenzials des K\u00f6rpers. In einer Craniosacralen Behandlung werden verschiedene K\u00f6rperstrukturen wie Muskeln und Faszien sowie verschiedene K\u00f6rpersysteme wie das vegetative Nervensystem, das Herz-Kreislaufsystem und das Verdauungssystem angesprochen. Durch manuelle Behandlungstechniken mit sanften, aber klaren Impulsen, die sich am Lebensatem orientieren, wird der K\u00f6rper von au\u00dfen nach innen entspannt. Das Ergebnis ist ein ausgeglichener und harmonischer craniosacraler Rhythmus, der dem K\u00f6rper hilft, sein volles Potenzial zu entfalten und m\u00f6gliche innere Blockaden aufzul\u00f6sen.<\/p>\n\n\n\n<p>Die Craniosacraltherapie wirkt sich nicht nur auf die k\u00f6rperliche Ebene aus, sondern auch auf die geistige, seelische und soziale Ebene. Ver\u00e4nderungen auf k\u00f6rperlicher Ebene gehen oft Hand in Hand mit Ver\u00e4nderungen auf den anderen Ebenen. Daher ist die Craniosacraltherapie nicht nur eine effektive Behandlungsmethode f\u00fcr Beschwerden des Bewegungsapparates, sondern auch f\u00fcr geistige und seelische St\u00f6rungen wie Angstst\u00f6rungen und chronischen Stress.<\/p>\n\n\n\n<p>Durch ihr breites Wirkspektrum kann die Craniosacraltherapie sowohl zur Verbesserung der Regeneration und Gesunderhaltung als auch zur Unterst\u00fctzung der Heilung bei k\u00f6rperlichen Einschr\u00e4nkungen eingesetzt werden. Sie bietet somit einen ganzheitlichen Ansatz zur F\u00f6rderung von Gesundheit und Wohlbefinden.<\/p>\n","protected":false},"excerpt":{"rendered":"<p>Die Craniosacraltherapie hat ihre Wurzeln in der Osteopathie und wurde von Dr. William Sutherland, dem Begr\u00fcnder der cranialen Osteopathie, Anfang des 20. Jahrhunderts entwickelt. Er identifizierte feine rhythmische Bewegungen, die &#8230;<\/p>\n","protected":false},"author":1,"featured_media":0,"parent":0,"menu_order":0,"comment_status":"closed","ping_status":"closed","template":"","meta":{"footnotes":""},"class_list":["post-134","page","type-page","status-publish","hentry"],"_links":{"self":[{"href":"https:\/\/rappi-cranio.ch\/index.php?rest_route=\/wp\/v2\/pages\/134","targetHints":{"allow":["GET"]}}],"collection":[{"href":"https:\/\/rappi-cranio.ch\/index.php?rest_route=\/wp\/v2\/pages"}],"about":[{"href":"https:\/\/rappi-cranio.ch\/index.php?rest_route=\/wp\/v2\/types\/page"}],"author":[{"embeddable":true,"href":"https:\/\/rappi-cranio.ch\/index.php?rest_route=\/wp\/v2\/users\/1"}],"replies":[{"embeddable":true,"href":"https:\/\/rappi-cranio.ch\/index.php?rest_route=%2Fwp%2Fv2%2Fcomments&post=134"}],"version-history":[{"count":2,"href":"https:\/\/rappi-cranio.ch\/index.php?rest_route=\/wp\/v2\/pages\/134\/revisions"}],"predecessor-version":[{"id":152,"href":"https:\/\/rappi-cranio.ch\/index.php?rest_route=\/wp\/v2\/pages\/134\/revisions\/152"}],"wp:attachment":[{"href":"https:\/\/rappi-cranio.ch\/index.php?rest_route=%2Fwp%2Fv2%2Fmedia&parent=134"}],"curies":[{"name":"wp","href":"https:\/\/api.w.org\/{rel}","templated":true}]}}